 a multiple of 242?
True
Does 22 divide 42055?
False
Is 27011426 a multiple of 247?
True
Does 25 divide 362761775?
True
Does 134 divide 41371014?
False
Is 58221825 a multiple of 485?
True
Is 441 a factor of 67845645?
True
Does 22 divide 670078019?
False
Is 147969010 a multiple of 542?
False
Does 1033 divide 6568847?
True
Is 25076037 a multiple of 368?
False
Does 22 divide 2101581549?
False
Does 110 divide 133461452?
False
Is 1065 a factor of 5985300?
True
Does 233 divide 414170278?
False
Is 88619040 a multiple of 360?
True
Is 198 a factor of 56507833?
False
Does 645 divide 199241677?
False
Does 2 divide 62380806?
True
Does 19 divide 6537330?
True
Is 765405475 a multiple of 292?
False
Does 16 divide 1186836768?
True
Is 1445620835 a multiple of 9?
False
Is 16744252 a multiple of 119?
True
Is 396816352 a multiple of 32?
True
Is 8147503 a multiple of 23?
False
Is 66968594 a multiple of 49?
True
Does 2 divide 43596961?
False
Does 67 divide 271966065?
True
Is 1255 a factor of 675877740?
True
Is 4111317 a multiple of 7?
True
Does 761 divide 29003410?
False
Is 16919636 a multiple of 13?
False
Is 97 a factor of 81600862?
True
Is 345 a factor of 74178442?
False
Does 1417 divide 154044904?
True
Is 1825 a factor of 201877081?
False
Does 185 divide 19995725?
True
Is 103601576 a multiple of 32?
False
Is 333 a factor of 1440728512?
False
Is 23 a factor of 54540681?
False
Does 2 divide 12342766?
True
Is 1713632985 a multiple of 5?
True
Is 2668 a factor of 604793641?
False
Does 274 divide 7941511?
False
Is 15 a factor of 429754?
False
Is 68 a factor of 68167892?
True
Is 11238472 a multiple of 808?
True
Is 95 a factor of 28936240?
True
Is 260 a factor of 296485789?
False
Is 1362151070 a multiple of 10?
True
Is 877 a factor of 29522451?
True
Is 208478033 a multiple of 636?
False
Is 60063106 a multiple of 37?
False
Does 745 divide 219049370?
True
Does 359 divide 27709774?
True
Is 548507003 a multiple of 393?
False
Is 48 a factor of 441199979?
False
Does 258 divide 28934184?
True
Does 456 divide 451420217?
False
Is 57556448 a multiple of 165?
False
Is 560706667 a multiple of 6486?
False
Is 8 a factor of 3059820567?
False
Is 630 a factor of 58242496?
False
Does 9 divide 1523287386?
True
Is 30614920 a multiple of 20?
True
Is 3519 a factor of 50848981?
False
Is 25 a factor of 14453125?
True
Is 644182732 a multiple of 7?
False
Does 11 divide 284097?
True
Does 9 divide 312973943?
False
Is 993258920 a multiple of 18?
False
Is 331 a factor of 141961928?
True
Is 69 a factor of 51902145?
True
Is 3675 a factor of 325400132?
False
Is 373019200 a multiple of 253?
False
Does 320 divide 578077120?
True
Is 974 a factor of 55648725?
False
Is 41861712 a multiple of 233?
True
Is 73282518 a multiple of 14?
False
Is 80503128 a multiple of 184?
True
Is 102 a factor of 13849271?
False
Is 229 a factor of 100996557?
True
Is 357187 a multiple of 122?
False
Does 95 divide 9309335?
True
Is 83742720 a multiple of 2646?
False
Is 81065687 a multiple of 15?
False
Is 288741754 a multiple of 7?
True
Is 739 a factor of 129271053?
True
Is 256853812 a multiple of 58?
True
Is 6 a factor of 3294073?
False
Does 38 divide 3439911881?
False
Does 1397 divide 585933931?
True
Is 48 a factor of 36395494?
False
Is 1662984680 a multiple of 3320?
True
Does 3555 divide 68199120?
True
Is 107 a factor of 181671448?
True
Does 258 divide 74608911?
False
Does 132 divide 4881454116?
True
Is 42 a factor of 55489182?
True
Does 2 divide 1101935?
False
Does 8 divide 2995773848?
True
Does 9 divide 40634596?
False
Is 60365032 a multiple of 2051?
True
Is 203 a factor of 300808648?
True
Is 483 a factor of 223276410?
True
Is 932841396 a multiple of 534?
True
Is 4153 a factor of 244478804?
True
Is 567 a factor of 10381770?
True
Is 2542 a factor of 157784996?
False
Does 20 divide 1679081220?
True
Does 161 divide 157360434?
True
Is 12581290 a multiple of 13?
False
Is 3617442 a multiple of 6?
True
Does 2266 divide 38660226?
True
Does 41 divide 9423932?
True
Does 48 divide 520757474?
False
Is 48 a factor of 5156524?
False
Is 32844387 a multiple of 698?
False
Does 54 divide 47340072?
True
Is 78890310 a multiple of 18?
True
Is 338146858 a multiple of 2086?
True
Is 23 a factor of 12761208?
False
Is 17843681 a multiple of 17?
False
Does 17 divide 317882796?
True
Is 80280075 a multiple of 249?
False
Does 8 divide 156697?
False
Is 23 a factor of 9171618?
True
Is 101124090 a multiple of 5?
True
Does 7 divide 12751263?
True
Is 48 a factor of 947341400?
False
Is 82805772 a multiple of 3?
True
Is 854 a factor of 1013807312?
True
Does 208 divide 118903881?
False
Is 210187872 a multiple of 664?
True
Is 3075 a factor of 154219976?
False
Does 3145 divide 5748020923?
False
Is 18592392 a multiple of 156?
True
Is 2023069 a multiple of 29?
True
Is 234148021 a multiple of 6406?
False
Does 15 divide 84594645?
True
Is 30381925 a multiple of 3475?
True
Does 18 divide 553904162?
False
Is 189 a factor of 10173712?
False
Is 39 a factor of 132425483?
False
Is 2 a factor of 166652779?
False
Is 318 a factor of 5610114978?
True
Is 6632 a factor of 200957118?
False
Is 64 a factor of 342430611?
False
Is 634828 a multiple of 4?
True
Is 36655562 a multiple of 67?
False
Is 18 a factor of 114694380?
True
Does 37 divide 152344381?
False
Is 402 a factor of 44346863?
False
Is 672 a factor of 931025840?
False
Does 213 divide 371687506?
False
Is 6270425 a multiple of 35?
True
Is 2830 a factor of 74431830?
True
Is 3257 a factor of 66227838?
True
Does 33 divide 378552735?
True
Does 18 divide 2903711?
False
Is 50417312 a multiple of 319?
True
Does 1407 divide 244236925?
False
Does 630 divide 16519930?
False
Does 7185 divide 122238405?
True
Does 58 divide 286877570?
True
Is 199 a factor of 61629305?
True
Does 32 divide 168389184?
True
Does 4 divide 12108492?
True
Is 1634 a factor of 27544338?
True
Is 218603070 a multiple of 210?
True
Is 306 a factor of 5584806?
True
Is 46208855 a multiple of 306?
False
Is 224 a factor of 349757856?
True
Is 19 a factor of 311726369?
True
Is 73 a factor of 135761677?
True
Does 21 divide 35159991?
False
Does 92 divide 5336403328?
True
Is 625853945 a multiple of 9?
False
Is 2798 a factor of 113864610?
True
Is 31567694 a multiple of 123?
False
Is 19 a factor of 165688664?
True
Is 3203992623 a multiple of 25?
False
Is 4 a factor of 25593248?
True
Is 301862887 a multiple of 91?
False
Does 951 divide 11519463?
True
Is 41 a factor of 3509161382?
True
Is 2350853160 a multiple of 136?
True
Does 109 divide 46051134?
False
Is 686 a factor of 445289460?
True
Is 23006535 a multiple of 15?
True
Is 439 a factor of 196667109?
False
Is 1278707640 a multiple of 3228?
True
Does 33 divide 29141112?
True
Does 5 divide 62339295?
True
Does 67 divide 16521061?
True
Does 13 divide 3654207362?
True
Does 29 divide 3360832417?
True
Does 17 divide 317063855?
True
Is 34407555 a multiple of 1911?
True
Is 205495170 a multiple of 6?
True
Is 48406643 a multiple of 932?
False
Is 32056499 a multiple of 124?
False
Is 16912008 a multiple of 6?
True
Does 11 divide 59112905?
False
Does 52 divide 434466886?
False
Is 116 a factor of 28134430?
False
Does 6 divide 1534600704?
True
Is 85839271 a multiple of 179?
True
Does 8 divide 1216187936?
True
Is 288 a factor of 774084384?
True
Does 17 divide 8434018?
False
Is 169117487 a multiple of 77?
True
Does 2378 divide 64800500?
True
Is 813 a factor of 33439503?
True
Does 33 divide 21770430?
True
Is 4800 a factor of 523638424?
False
Does 1128 divide 718555371?
False
Is 1446303404 a multiple of 1703?
True
Does 21 divide 25638144?
True
Is 2087214692 a multiple of 3368?
False
Is 19213968 a multiple of 48?
True
Does 162 divide 27669438?
True
Is 26 a factor of 12363858?
True
Does 95 divide 19951425?
True
Is 53 a factor of 151901816?
True
Is 3366954673 a multiple of 2471?
False
Is 1335 a factor of 261183753?
False
Is 39 a factor of 20684703?
True
Is 456 a factor of 10668454?
False
Is 1682 a factor of 34046749?
False
Is 1698 a factor of 112331190?
True
Does 4 divide 3756961?
False
Does 201 divide 1531815390?
False
Is 815457304 a multiple of 73?
True
Is 139236408 a multiple of 344?
True
Is 36 a factor of 32809094?
False
Is 6423446 a multiple of 95?
False
Is 106197792 a multiple of 1244?
True
Does 370 divide 56892310?
True
Does 14 divide 93172692?